ppose g + 33 = k*g. What are the prime factors of g?
3, 11
Suppose 0 = 3*z - 328 + 7. List the prime factors of z.
107
Suppose 0 = 2*b + v - 14, -5*v = -3*b - 4*v + 16. Let a(p) = -p**3 + 7*p**2 - 4*p. List the prime factors of a(b).
2, 3
Suppose -2*s + 0*s + 10 = t, 5*t - s - 6 = 0. Suppose 3*j - t + 8 = -h, 0 = 5*h + 5*j. List the prime factors of h.
3
Suppose -5*t - 1 - 4 = 4*y, -20 = -y + 3*t. Suppose 166 = y*i - 4. What are the prime factors of i?
2, 17
Let a = 83 - 49. What are the prime factors of a?
2, 17
Let v = -476 + 697. List the prime factors of v.
13, 17
Let s(c) be the second derivative of c**5/20 + 5*c**4/12 + c**3/2 + 3*c**2 + 6*c. List the prime factors of s(-4).
2, 5
Suppose -5*y + 3*x + 1085 = -2*x, 3*y + 2*x - 661 = 0. What are the prime factors of y?
3, 73
Suppose -3*a - 3*s = 15, 0*s - 2*s = 3*a + 16. Let o(t) = -t**2 - 9*t + 6. Let u be o(a). Suppose 0 = 2*y + 3*y, u = 4*p - 3*y. What are the prime factors of p?
2, 3
List the prime factors of -2 + 343/2 + (-6)/(-4).
3, 19
Suppose 7*v - 20 = 2*v. Let r = v + 8. List the prime factors of r.
2, 3
Suppose -9*m - 1908 = -18*m. List the prime factors of m.
2, 53
Let z(u) = -10*u - 5. Let b be z(-4). Suppose 2*d - 5 + b = 0. Let r = d + 30. List the prime factors of r.
3, 5
Let n be (-4)/(-3) + (-2)/(-3). Let m = 5 - n. List the prime factors of m.
3
Let o = 94 - 38. What are the prime factors of o?
2, 7
Let d(c) = -c**2 + 12. Let l be ((-4)/6)/(2/(-15)). Suppose j - 1 = 2*o, 3*o + j = -4*j + l. List the prime factors of d(o).
2, 3
Suppose 5*j = 4*n + 6*j + 1, -4*n + j + 1 = 0. Let g = n + 0. Suppose -3*s + 14 + 4 = g. List the prime factors of s.
2, 3
Let d(l) = -12*l**3 + 4*l**2 + 5*l + 1. List the prime factors of d(-2).
103
Let c = 4 + -1. Let x(h) = h**3 - 4*h**2 + 4*h - 4. Let d be x(c). List the prime factors of (-31)/(-4) - d/4.
2
What are the prime factors of (122*(-6)/4)/(87/(-58))?
2, 61
Suppose 2*t - 98 = -0*t. Suppose 21 = 4*v - z, 2 = 4*v + z - 9. Suppose -v = 5*j - t. What are the prime factors of j?
3
Suppose 9 = 2*q + q. Suppose 59 = 2*l + q*m, l - 8 = m + 14. List the prime factors of l.
5
Let y(g) = 4*g**2 + g - 10. List the prime factors of y(5).
5, 19
Let z be ((-2)/(-4))/(3/36). Let n = -3 + z. Suppose n*u - 20 = -u. List the prime factors of u.
5
Suppose -2*y = 5*c + 10, -y - 4*c = -7*c - 17. Let p(b) = -6*b**3 + b**2. Let n be p(-1). Let w = n - y. What are the prime factors of w?
2
Suppose -4*n = -2*o - 440, -2*o - 552 = -5*n + o. What are the prime factors of n?
2, 3
Let v = 133 - 70. What are the prime factors of v?
3, 7
Let x = 12 - 7. Suppose x*a = 12 - 2. List the prime factors of ((-32)/6 + a)*-3.
2, 5
Let t = -32 + 24. What are the prime factors of (t/(-12))/((-8)/(-444))?
37
Let g(o) = -2*o - 5. Let j be g(-4). Suppose 0 = 5*s + 4*i - 199, -s - 2*s + 141 = -j*i. What are the prime factors of s?
43
Let f(r) = r + 12. Let u be f(-6). Let p be (-2)/6 - (-32)/u. Suppose -4*c + 32 = 4*x, 0*c = -c - 2*x + p. List the prime factors of c.
11
Suppose 0 = -m + 6*d - d - 16, -16 = 2*m - 2*d. Let g = 2 - m. List the prime factors of g.
2
Let k = 55 - 101. Let s = -33 - k. What are the prime factors of s?
13
Suppose -4*p - 4*m = p + 20, 0 = 5*p + m + 20. List the prime factors of (p - -6) + 1*31.
3, 11
Suppose 1 + 0 = -a + 3*o, -o = -2*a + 18. Let y(c) = c**3 - a*c + 3 + c**2 + 6*c + 2*c**2. What are the prime factors of y(-4)?
7
Let f(c) = 3*c + 2. Suppose 3*o = -5*n + o + 30, 2*n = 5*o + 12. What are the prime factors of f(n)?
2, 5
Let y(l) = -5*l**2 - 10*l + 12. Let v(r) = 11*r**2 + 21*r - 25. Let z(h) = 4*v(h) + 9*y(h). Let d be z(-6). Let s = d - -2. What are the prime factors of s?
2, 5
Suppose -2*g = -5*y - 57 - 35, 5*g - 215 = 5*y. What are the prime factors of g?
41
Let c = -31 + 44. Let r = c + -4. Suppose -8*s + 3*s + 3*y = -15, -3*s + r = 5*y. What are the prime factors of s?
3
What are the prime factors of (-4 + 3)/(3/(-51))?
17
Suppose -15 = 7*d - 2*d. Let s be (6/2)/1 + d. Suppose -3*m + 6 = -s*m. List the prime factors of m.
2
List the prime factors of 1*(20 - (3 - -1)).
2
Let u be (2/3)/((-1)/3). Let n = 4 + u. Suppose n*g - 3*q - 23 = 0, 2*q - 6*q - 4 = 0. List the prime factors of g.
2, 5
Let q(g) = 6*g + 6. Let z(x) = -x - 1. Let t(m) = q(m) + 3*z(m). List the prime factors of t(5).
2, 3
Let l = -5 + 9. Suppose 2*d - l*d + 27 = -5*r, 4*r = -4*d + 12. What are the prime factors of (4/6)/(1/d)?
2
Suppose -5*n + 55 = 3*i, 0 = 2*n + 4*i - 15 - 21. Let g(u) = -u**3 + 8*u**2 + u + 4. List the prime factors of g(n).
2, 3
Suppose 5*d + 92 = 2*u + 2*d, 4*d + 184 = 4*u. What are the prime factors of u?
2, 23
Suppose -2*o = 4*l + 44, -5*l + 6*l + 16 = 2*o. Let q = 2 - l. List the prime factors of q.
2, 7
Let x(w) = 5*w**2 - 2*w + 9. What are the prime factors of x(5)?
2, 31
Suppose 8 + 4 = c. Suppose 2*s + 2*s = c. Suppose -s*m - 38 - 4 = -2*g, 38 = 2*g - m. What are the prime factors of g?
2, 3
Suppose -4*j + 200 = -2*v, -2*j = 2*j + v - 212. List the prime factors of j.
2, 13
Let y(a) = 8 + 1 + a + 0*a + 0*a. What are the prime factors of y(-6)?
3
Let y = 214 - -40. What are the prime factors of y?
2, 127
Suppose -3*f - 18 = -3*l, 4*l + l = 2*f + 27. Let r(x) be the second derivative of x**3/3 + x**2 + x. What are the prime factors of r(l)?
2, 3
Suppose 68 + 36 = 4*y. List the prime factors of y.
2, 13
Suppose -3 = -10*p + 9*p. Suppose -161 = -p*x - 38. What are the prime factors of x?
41
Suppose 0 = -z - 4*z. Suppose s + z*s = -3. Let c = s + 6. What are the prime factors of c?
3
Suppose -4*k = -k - 30. What are the prime factors of k?
2, 5
Let p = -6 + 12. Suppose -6*n + n = 2*b + 11, 3*b = -3*n + p. What are the prime factors of b?
7
Let v = -14 - -19. Suppose 82 = v*j - 3*j. List the prime factors of j.
41
Suppose -2*r - 720 = -6*r. Suppose 30*h - r = 26*h. List the prime factors of h.
3, 5
Let a(l) = -l**3 - 5*l**2 - 7*l - 6. Let z be (-63)/(-5) - (-4)/10. Suppose -n - 2*o = -3 + 13, n = -3*o - z. List the prime factors of a(n).
2, 3
Suppose -g = -4*v + 7 - 28, -9 = -g + v. Suppose 0*s = -2*k - 2*s + 10, -g*s + 10 = 2*k. List the prime factors of 1/((10/6)/k).
3
Suppose 3*z + 20 = -2*z. Let h be -4*(0 + z + 2). Suppose i = 3*i - h. What are the prime factors of i?
2
Let a(f) = f**2 + 3*f - 5. Let h be a(4). Let g = 7 + h. Let s = -16 + g. What are the prime factors of s?
2, 7
Let l(a) = 11*a - 2. What are the prime factors of l(3)?
31
What are the prime factors of ((-21)/(-28) - 403/20)*-5?
97
Let d be 1 - (1 - 0) - 0. Let l = d - 0. Suppose 0*q + 5*q - 40 = l. List the prime factors of q.
2
Let u = -2 + 2. Suppose z - 1 = 2. Suppose u*y - y = -z. List the prime factors of y.
3
Let x(v) be the third derivative of -1/60*v**5 - 1/120*v**6 + v**2 - 1/3*v**3 + 0 + 1/12*v**4 + 0*v. List the prime factors of x(-3).
2, 5
Suppose -5*n - 5 = -0, -2*r - n = -9. Let g be (r - -1)*1/2. Suppose g*v + 7 = 4*v. List the prime factors of v.
7
Let i = 1 + 7. Suppose 5*q - 69 = -2*a, 2*a + i = 6*a. Suppose q = -0*j + j. List the prime factors of j.
13
Suppose 3*c - 5*q = 238, -5*q + 188 = 3*c - 0*q. List the prime factors of c.
71
Let v = 617 + -327. List the prime factors of v.
2, 5, 29
Let u be (0 + 2)/2 - -5. Suppose h + 2*h = u. What are the prime factors of 2 + 1/(h/12)?
2
Suppose 2*s - 25 = 37. List the prime factors of s.
31
Let u be (-2)/(-2) - (-1 - -2). Suppose 7 = k - u*k. What are the prime factors of k?
7
Let x(l) = l**2 + 4*l - 5. What are the prime factors of x(-8)?
3
Let a(r) = 4*r**2 - 2*r + 1. Let m be a(1). Suppose -5*j + 6 = -m*j. Suppose -5*y + j*y + 5 = o, 3*y - 24 = -3*o. What are the prime factors of o?
11
Suppose 0 = 4*f + 100 - 28. Let v = -10 - f. Let k = v + 5. List the prime factors of k.
13
Suppose 0 = -4*x + 4*t + 76, x - 2*t - 2*t = 10. What are the prime factors of x?
2, 11
Let t(q) = -q**3 - q**2 + 4*q + 3. Let h = 1 + -3. Let o be t(h). List the prime factors of 3/(o/(-5 - -2)).
3
Let q(w) = -7*w - 14. Let a(c) = 11*c + 21. Let b(d) = -5*a(d) - 8*q(d). Let r = -13 + 18. List the prime factors of b(r).
2, 3
Let g = 5 - 1. Suppose 0*p + g*p = 0. Suppose 59 = 4*a - 3*m, p*a + 4*m = -4*a + 52. List the prime factors of a.
2, 7
Let y(s) = -3 + 3*s - 2 - 2*s**2 + 9. Let p be y(-3). Let q = p - -39. List the prime factors of q